
{"id":75734,"date":"2025-09-22T21:57:20","date_gmt":"2025-09-22T21:57:20","guid":{"rendered":"https:\/\/www.polynoch.com\/gida\/?page_id=75734"},"modified":"2025-10-07T17:40:55","modified_gmt":"2025-10-07T17:40:55","slug":"iptal-ve-iade-sartlari","status":"publish","type":"page","link":"https:\/\/www.polynoch.com\/gida\/iptal-ve-iade-sartlari\/","title":{"rendered":"\u0130ptal ve \u0130ade \u015eartlar\u0131"},"content":{"rendered":"\t\t<div data-elementor-type=\"wp-page\" data-elementor-id=\"75734\" class=\"elementor elementor-75734\">\n\t\t\t\t\t\t<section class=\"elementor-section elementor-top-section elementor-element elementor-element-51acbe97 elementor-section-boxed elementor-section-height-default elementor-section-height-default sc_fly_static\" data-id=\"51acbe97\" data-element_type=\"section\" data-settings=\"{&quot;background_background&quot;:&quot;classic&quot;}\">\n\t\t\t\t\t\t<div class=\"elementor-container elementor-column-gap-extended\">\n\t\t\t\t\t<div class=\"elementor-column elementor-col-100 elementor-top-column elementor-element elementor-element-440b8c08 sc_content_align_inherit sc_layouts_column_icons_position_left sc_fly_static\" data-id=\"440b8c08\" data-element_type=\"column\">\n\t\t\t<div class=\"elementor-widget-wrap elementor-element-populated\">\n\t\t\t\t\t\t<div class=\"elementor-element elementor-element-c19a1b6 sc_fly_static elementor-widget elementor-widget-text-editor\" data-id=\"c19a1b6\" data-element_type=\"widget\" data-widget_type=\"text-editor.default\">\n\t\t\t\t<div class=\"elementor-widget-container\">\n\t\t\t\t\t\t\t\t\t<h2>Genel \u015eartlar<\/h2>\n<p>Web sitemiz \u00fczerinden sipari\u015f verdi\u011finizde, size sunulan \u00f6n bilgilendirme formunu ve mesafeli sat\u0131\u015f s\u00f6zle\u015fmesini kabul etmi\u015f say\u0131l\u0131rs\u0131n\u0131z. Al\u0131c\u0131lar olarak, sat\u0131n ald\u0131\u011f\u0131n\u0131z \u00fcr\u00fcnlerin sat\u0131\u015f ve teslimiyle ilgili olarak T\u00fcketicinin Korunmas\u0131 Hakk\u0131nda Kanun ve ilgili di\u011fer yasalara tabi olursunuz.<\/p>\n<p>\u00dcr\u00fcn sevkiyat masraf\u0131 olan kargo \u00fccretleri size aittir.<\/p>\n<p>Sat\u0131n al\u0131nan her \u00fcr\u00fcn, 30 g\u00fcnl\u00fck yasal s\u00fcreyi a\u015fmamak kayd\u0131yla, belirtti\u011finiz adrese teslim edilir. Bu s\u00fcre i\u00e7inde teslimat yap\u0131lmazsa, s\u00f6zle\u015fmeyi sonland\u0131rma hakk\u0131n\u0131z bulunmaktad\u0131r. \u00dcr\u00fcn, sipari\u015fte belirtilen niteliklere uygun, eksiksiz ve varsa garanti belgesi gibi belgelerle teslim edilmek zorundad\u0131r.<\/p>\n<p>E\u011fer sat\u0131n ald\u0131\u011f\u0131n\u0131z \u00fcr\u00fcn\u00fcn sat\u0131\u015f\u0131 imkans\u0131z hale gelirse, sat\u0131c\u0131 bu durumu \u00f6\u011frendi\u011fi tarihten itibaren 3 g\u00fcn i\u00e7inde size yaz\u0131l\u0131 olarak bildirmelidir. \u00d6demi\u015f oldu\u011funuz toplam bedel ise 14 g\u00fcn i\u00e7inde size iade edilir. Bu durumdan kaynakl\u0131 bir zarar\u0131n\u0131z olursa sat\u0131c\u0131n\u0131n herhangi bir y\u00fck\u00fcml\u00fcl\u00fc\u011f\u00fc bulunmamaktad\u0131r.<\/p>\n<h3>Sat\u0131n Al\u0131nan \u00dcr\u00fcn Bedeli \u00d6denmezse<\/h3>\n<p>Sat\u0131n ald\u0131\u011f\u0131n\u0131z \u00fcr\u00fcn bedelini \u00f6demez veya banka kay\u0131tlar\u0131nda i\u015flemi iptal ederseniz, sat\u0131c\u0131n\u0131n \u00fcr\u00fcn\u00fc teslim etme y\u00fck\u00fcml\u00fcl\u00fc\u011f\u00fc sona erer.<\/p>\n<h3>Kredi Kart\u0131 ile Yap\u0131lan Yetkisiz Al\u0131\u015fveri\u015fler<\/h3>\n<p>\u00dcr\u00fcn size teslim edildikten sonra, \u00f6deme yapt\u0131\u011f\u0131n\u0131z kredi kart\u0131n\u0131n yetkisiz ki\u015filerce kullan\u0131ld\u0131\u011f\u0131 tespit edilir ve \u00fcr\u00fcn bedeli banka taraf\u0131ndan sat\u0131c\u0131ya \u00f6denmezse, \u00fcr\u00fcn\u00fc 3 g\u00fcn i\u00e7inde, nakliye gideri sat\u0131c\u0131ya ait olacak \u015fekilde iade etmek zorundas\u0131n\u0131z. Aksi takdirde sat\u0131c\u0131 her t\u00fcrl\u00fc yasal hakk\u0131n\u0131 sakl\u0131 tutar.<\/p>\n<h3>\u00d6ng\u00f6r\u00fclemeyen Sebeplerle Gecikme<\/h3>\n<p>Sat\u0131c\u0131n\u0131n \u00f6ng\u00f6remeyece\u011fi m\u00fccbir sebepler (do\u011fal afet, salg\u0131n, vb.) nedeniyle \u00fcr\u00fcn zaman\u0131nda teslim edilemezse, durum size bildirilir. Bu durumda sipari\u015finizi iptal etme, \u00fcr\u00fcn\u00fcn benzeriyle de\u011fi\u015ftirilmesini isteme veya engel ortadan kalkana kadar teslimat\u0131n ertelenmesini talep etme hakk\u0131n\u0131z vard\u0131r.<\/p>\n<ul>\n<li>\n<p>Sipari\u015fi iptal ederseniz ve \u00f6demeyi <b>nakit<\/b> yapt\u0131ysan\u0131z, tutar 14 g\u00fcn i\u00e7inde size nakden iade edilir.<\/p>\n<\/li>\n<li>\n<p>Sipari\u015fi iptal ederseniz ve \u00f6demeyi <b>kredi kart\u0131<\/b> ile yapt\u0131ysan\u0131z, \u00fcr\u00fcn bedeli yine 14 g\u00fcn i\u00e7inde bankaya iade edilir. Ancak bankan\u0131n bu tutar\u0131 hesab\u0131n\u0131za aktarmas\u0131 2-3 hafta s\u00fcrebilir.<\/p>\n<\/li>\n<\/ul>\n<h3>\u00dcr\u00fcn\u00fc Kontrol Etme Y\u00fck\u00fcml\u00fcl\u00fc\u011f\u00fc<\/h3>\n<p>Kargo \u015firketinden teslim almadan \u00f6nce \u00fcr\u00fcn\u00fcn\u00fcz\u00fc kontrol etmelisiniz. Ezik, k\u0131r\u0131k, ambalaj\u0131 y\u0131rt\u0131lm\u0131\u015f veya hasarl\u0131 \u00fcr\u00fcnleri teslim almay\u0131n\u0131z. \u00dcr\u00fcn\u00fc teslim ald\u0131\u011f\u0131n\u0131zda hasars\u0131z ve sa\u011flam oldu\u011fu kabul edilir. Cayma hakk\u0131n\u0131 kullanmak isterseniz, \u00fcr\u00fcn\u00fc kullanmamal\u0131 ve faturas\u0131yla birlikte iade etmelisiniz.<\/p>\n<h3>Cayma Hakk\u0131<\/h3>\n<p>Sat\u0131n ald\u0131\u011f\u0131n\u0131z \u00fcr\u00fcn\u00fcn size veya belirtti\u011finiz adresteki bir ki\u015fiye\/kurulu\u015fa tesliminden itibaren <b>14 g\u00fcn i\u00e7inde<\/b>, sat\u0131c\u0131ya a\u015fa\u011f\u0131daki ileti\u015fim bilgileri \u00fczerinden bildirimde bulunarak hi\u00e7bir hukuki veya cezai sorumluluk \u00fcstlenmeksizin ve hi\u00e7bir gerek\u00e7e belirtmeksizin s\u00f6zle\u015fmeden cayma hakk\u0131n\u0131z\u0131 kullanabilirsiniz.<\/p>\n<h4>Sat\u0131c\u0131n\u0131n \u0130leti\u015fim Bilgileri<\/h4>\n<ul>\n<li>\n<p><b>\u015e\u0130RKET ADI\/UNVANI:<\/b> PolyNOCH&nbsp;<\/p>\n<\/li>\n<li>\n<p><b>ADRES:<\/b> Barbaros Hayrettin Pa\u015fa Mah. 1993 Sk. No:32\/B Kat:3 D:10 Esenyurt\/\u0130STANBUL<\/p>\n<\/li>\n<li>\n<p><b>EPOSTA:<\/b> info@www.polynoch.com<\/p>\n<\/li>\n<li>\n<p><b>TEL:<\/b> 0544 902 34 53<\/p>\n<\/li>\n<\/ul>\n<h3>Cayma Hakk\u0131n\u0131n S\u00fcresi<\/h3>\n<p>Hizmet sat\u0131n ald\u0131ysan\u0131z, 14 g\u00fcnl\u00fck cayma s\u00fcresi s\u00f6zle\u015fmenin imzaland\u0131\u011f\u0131 tarihte ba\u015flar. Ancak, cayma s\u00fcresi dolmadan, sizin onay\u0131n\u0131zla hizmetin ifas\u0131na ba\u015fland\u0131ysa cayma hakk\u0131n\u0131z\u0131 kullanamazs\u0131n\u0131z. Cayma hakk\u0131n\u0131n kullan\u0131m\u0131ndan kaynaklanan masraflar sat\u0131c\u0131ya aittir.<\/p>\n<p>Bu hakk\u0131n\u0131z\u0131 kullanmak i\u00e7in 14 g\u00fcn i\u00e7inde sat\u0131c\u0131ya iadeli taahh\u00fctl\u00fc posta, faks veya e-posta yoluyla yaz\u0131l\u0131 bildirim yapman\u0131z ve \u00fcr\u00fcn\u00fcn \u201cCayma Hakk\u0131 Kullan\u0131lamayacak \u00dcr\u00fcnler\u201d listesindeki ko\u015fullara uymas\u0131 gerekmektedir.<\/p>\n<h4>Cayma Hakk\u0131n\u0131n Kullan\u0131m\u0131<\/h4>\n<ul>\n<li>\n<p>\u00dcr\u00fcn faturas\u0131 (Kurumsal faturalarda iade faturas\u0131 kesilmesi zorunludur.)<\/p>\n<\/li>\n<li>\n<p>\u0130ade formu<\/p>\n<\/li>\n<li>\n<p>\u0130ade edilecek \u00fcr\u00fcnlerin kutusu, ambalaj\u0131 ve varsa standart aksesuarlar\u0131 eksiksiz ve hasars\u0131z olmal\u0131d\u0131r.<\/p>\n<\/li>\n<\/ul>\n<h3>\u0130ade Ko\u015fullar\u0131<\/h3>\n<p>Sat\u0131c\u0131, cayma bildiriminin kendisine ula\u015fmas\u0131ndan sonra en ge\u00e7 10 g\u00fcn i\u00e7inde \u00fcr\u00fcn bedelini ve sizi bor\u00e7 alt\u0131na sokan belgeleri iade etmek, 20 g\u00fcn i\u00e7inde de \u00fcr\u00fcn\u00fc geri almakla y\u00fck\u00fcml\u00fcd\u00fcr.<\/p>\n<p>\u00dcr\u00fcn\u00fcn de\u011ferinde, sizin kusurunuzdan kaynaklanan bir azalma olursa veya iadesi imkans\u0131z hale gelirse, bu zarar\u0131 tazmin etmekle y\u00fck\u00fcml\u00fcs\u00fcn\u00fcz. Ancak, cayma s\u00fcresi i\u00e7inde \u00fcr\u00fcn\u00fc usul\u00fcne uygun kullanman\u0131zdan kaynaklanan de\u011fi\u015fiklik veya bozulmalardan sorumlu de\u011filsiniz.<\/p>\n<p>Cayma hakk\u0131n\u0131 kullanman\u0131z nedeniyle kampanya ko\u015fullar\u0131 ihlal edilirse, faydaland\u0131\u011f\u0131n\u0131z indirim miktar\u0131 iptal edilir.<\/p>\n<h3>Cayma Hakk\u0131 Kullan\u0131lamayacak \u00dcr\u00fcnler<\/h3>\n<p>A\u015fa\u011f\u0131daki durumlardaki \u00fcr\u00fcnlerde cayma hakk\u0131 kullan\u0131lamaz:<\/p>\n<ul>\n<li>\n<p>Sizin iste\u011finiz \u00fczerine \u00f6zel olarak haz\u0131rlanan \u00fcr\u00fcnler.<\/p>\n<\/li>\n<li>\n<p>\u0130\u00e7 giyim alt par\u00e7alar\u0131, mayo, bikini ve makyaj malzemeleri gibi sa\u011fl\u0131k ve hijyen a\u00e7\u0131s\u0131ndan iadeye uygun olmayan, ambalaj\u0131 a\u00e7\u0131lm\u0131\u015f \u00fcr\u00fcnler.<\/p>\n<\/li>\n<li>\n<p>H\u0131zl\u0131 bozulan veya son kullanma tarihi ge\u00e7me ihtimali olan \u00fcr\u00fcnler.<\/p>\n<\/li>\n<li>\n<p>Teslimat sonras\u0131 ba\u015fka \u00fcr\u00fcnlerle kar\u0131\u015fan ve ayr\u0131\u015ft\u0131r\u0131lmas\u0131 m\u00fcmk\u00fcn olmayan \u00fcr\u00fcnler.<\/p>\n<\/li>\n<li>\n<p>Gazete ve dergi gibi s\u00fcreli yay\u0131nlar.<\/p>\n<\/li>\n<li>\n<p>Elektronik ortamda an\u0131nda ifa edilen hizmetler veya an\u0131nda teslim edilen gayri maddi \u00fcr\u00fcnler (dijital i\u00e7erik, yaz\u0131l\u0131m, ses\/g\u00f6r\u00fcnt\u00fc kay\u0131tlar\u0131 vb.).<\/p>\n<\/li>\n<li>\n<p>Veri kaydedebilme ve veri depolama cihazlar\u0131 ile bilgisayar sarf malzemeleri (toner, kartu\u015f vb.) ambalaj\u0131 a\u00e7\u0131ld\u0131\u011f\u0131 takdirde iade edilemez.<\/p>\n<\/li>\n<li>\n<p>Cayma s\u00fcresi dolmadan sizin onay\u0131n\u0131zla ifas\u0131na ba\u015flanan hizmetler.<\/p>\n<\/li>\n<\/ul>\n<p>Kozmetik, ki\u015fisel bak\u0131m \u00fcr\u00fcnleri, i\u00e7 giyim, mayo, bikini, kitap, kopyalanabilir yaz\u0131l\u0131mlar ve k\u0131rtasiye malzemelerinin iade edilebilmesi i\u00e7in ambalajlar\u0131n\u0131n a\u00e7\u0131lmam\u0131\u015f, denenmemi\u015f ve bozulmam\u0131\u015f olmas\u0131 gerekmektedir.<\/p>\n<h3>Temerr\u00fct Hali ve Hukuki Sonu\u00e7lar\u0131<\/h3>\n<p>\u00d6demelerinizi kredi kart\u0131 ile yapt\u0131\u011f\u0131n\u0131zda temerr\u00fcde d\u00fc\u015fmeniz halinde, bankan\u0131zla aran\u0131zdaki s\u00f6zle\u015fme gere\u011fi faiz \u00f6demekle ve bankaya kar\u015f\u0131 sorumlu olmakla y\u00fck\u00fcml\u00fcs\u00fcn\u00fcz. Bu durumda bankan\u0131z hukuki yollara ba\u015fvurabilir, masraflar\u0131 ve vekalet \u00fccretini sizden talep edebilir. Ayr\u0131ca borcunuzun gecikmeli ifas\u0131 nedeniyle sat\u0131c\u0131n\u0131n u\u011frad\u0131\u011f\u0131 zarar ve ziyan\u0131 da kar\u015f\u0131lamakla y\u00fck\u00fcml\u00fc olursunuz.<\/p>\n<h3>\u00d6deme ve Teslimat<\/h3>\n<p>\u00d6demelerinizi <b>Banka Havalesi<\/b> veya <b>EFT<\/b> yaparak belirtilen banka hesaplar\u0131m\u0131za g\u00f6nderebilirsiniz. Ayr\u0131ca web sitemiz \u00fczerinden kredi kart\u0131n\u0131zla <b>tek \u00e7ekim<\/b> veya <b>taksitli<\/b> \u00f6deme imkanlar\u0131ndan da faydalanabilirsiniz. Online \u00f6demelerde tutar, sipari\u015finiz tamamland\u0131\u011f\u0131nda kredi kart\u0131n\u0131zdan \u00e7ekilecektir.<\/p>\t\t\t\t\t\t\t\t<\/div>\n\t\t\t\t<\/div>\n\t\t\t\t\t<\/div>\n\t\t<\/div>\n\t\t\t\t\t<\/div>\n\t\t<\/section>\n\t\t\t\t<\/div>\n\t\t","protected":false},"excerpt":{"rendered":"<p>Genel \u015eartlar Web sitemiz \u00fczerinden sipari\u015f verdi\u011finizde, size sunulan \u00f6n bilgilendirme formunu ve mesafeli sat\u0131\u015f s\u00f6zle\u015fmesini kabul etmi\u015f say\u0131l\u0131rs\u0131n\u0131z. Al\u0131c\u0131lar olarak, sat\u0131n ald\u0131\u011f\u0131n\u0131z \u00fcr\u00fcnlerin sat\u0131\u015f ve teslimiyle ilgili olarak T\u00fcketicinin&hellip;<\/p>\n","protected":false},"author":1,"featured_media":0,"parent":0,"menu_order":0,"comment_status":"closed","ping_status":"closed","template":"","meta":{"footnotes":""},"class_list":["post-75734","page","type-page","status-publish","hentry"],"_links":{"self":[{"href":"https:\/\/www.polynoch.com\/gida\/wp-json\/wp\/v2\/pages\/75734","targetHints":{"allow":["GET"]}}],"collection":[{"href":"https:\/\/www.polynoch.com\/gida\/wp-json\/wp\/v2\/pages"}],"about":[{"href":"https:\/\/www.polynoch.com\/gida\/wp-json\/wp\/v2\/types\/page"}],"author":[{"embeddable":true,"href":"https:\/\/www.polynoch.com\/gida\/wp-json\/wp\/v2\/users\/1"}],"replies":[{"embeddable":true,"href":"https:\/\/www.polynoch.com\/gida\/wp-json\/wp\/v2\/comments?post=75734"}],"version-history":[{"count":7,"href":"https:\/\/www.polynoch.com\/gida\/wp-json\/wp\/v2\/pages\/75734\/revisions"}],"predecessor-version":[{"id":76104,"href":"https:\/\/www.polynoch.com\/gida\/wp-json\/wp\/v2\/pages\/75734\/revisions\/76104"}],"wp:attachment":[{"href":"https:\/\/www.polynoch.com\/gida\/wp-json\/wp\/v2\/media?parent=75734"}],"curies":[{"name":"wp","href":"https:\/\/api.w.org\/{rel}","templated":true}]}}