
{"id":75453,"date":"2025-09-20T18:57:26","date_gmt":"2025-09-20T18:57:26","guid":{"rendered":"https:\/\/www.polynoch.com\/plastik\/?post_type=product&#038;p=75453"},"modified":"2025-10-08T20:00:25","modified_gmt":"2025-10-08T20:00:25","slug":"plastik-bardak","status":"publish","type":"product","link":"https:\/\/www.polynoch.com\/plastik\/urun\/plastik-bardak\/","title":{"rendered":"Plastik Bardak"},"content":{"rendered":"<p><strong>Plastik Bardak Nedir?<\/strong><\/p>\n<p>Plastik bardaklar, genellikle tek kullan\u0131ml\u0131k olan, hafif ve pratik \u00fcr\u00fcnlerdir. \u015eeffaf plastik malzemeden \u00fcretilen bu bardaklar, ekonomik bir se\u00e7enek sunarak etkinliklerden g\u00fcnl\u00fck kullan\u0131ma kadar geni\u015f bir alanda tercih edilir. Hem i\u00e7eceklerinizi ta\u015f\u0131rken g\u00fcvenli hem de kullan\u0131m sonras\u0131nda kolayca at\u0131labilen bu bardaklar, her t\u00fcrl\u00fc organizasyon i\u00e7in uygundur. S\u0131cak i\u00e7eceklerle kullan\u0131lmas\u0131 sa\u011fl\u0131k a\u00e7\u0131s\u0131ndan \u00f6nerilmez. Su sebillerine uygundur.<\/p>\n<p><strong>Nerelerde Kullan\u0131l\u0131r?<\/strong><\/p>\n<ol>\n<li><strong>Etkinlikler ve Organizasyonlar:<\/strong><br \/>\nPlastik bardaklar, do\u011fum g\u00fcnleri, piknikler, festivaller ve di\u011fer etkinliklerde geni\u015f \u00e7apta kullan\u0131l\u0131r. Tek kullan\u0131ml\u0131k olu\u015fu sayesinde etkinlik sonras\u0131 temizlik kolayla\u015f\u0131r ve ekonomik \u00e7\u00f6z\u00fcm sunar.<\/li>\n<li><strong>Horeca Sekt\u00f6r\u00fc (Kafe, Restoran, Otel):<\/strong><br \/>\nKafeler, restoranlar, kamu kurulu\u015flar\u0131, hastaneler, oteller ve daha bir \u00e7ok alanda genellikle su sebillerinde kullan\u0131l\u0131r ve her alanda pratik \u00e7\u00f6z\u00fcmler sunar. B\u00fcy\u00fck etkinliklerde veya a\u00e7\u0131k hava mekanlar\u0131nda kullan\u0131labilir.<\/li>\n<li><strong>Ev Kullan\u0131m\u0131:<\/strong><br \/>\nG\u00fcnl\u00fck hayat i\u00e7in ekonomik ve pratik bir alternatiftir. Aileler i\u00e7in m\u00fckemmel bir se\u00e7enek sunar, \u00f6zellikle \u00e7ocuklu evlerde g\u00fcvenli kullan\u0131m\u0131yla \u00f6ne \u00e7\u0131kar.<\/li>\n<li><strong>D\u0131\u015f Mekan Aktiviteleri:<\/strong><br \/>\nPiknik, kamp, havuz kenar\u0131 partileri gibi d\u0131\u015f mekan etkinliklerinde kullan\u0131ma uygundur. Hafifli\u011fi ve ta\u015f\u0131nabilirli\u011fi sayesinde kolayca yan\u0131n\u0131za alabilirsiniz.<\/li>\n<li><strong>Ekonomik:<\/strong><br \/>\nTek kullan\u0131ml\u0131k ve uygun fiyatlar\u0131yla her b\u00fct\u00e7eye hitap eder. Plastik bardaklar, b\u00fcy\u00fck organizasyonlarda ve yo\u011fun kullan\u0131mlarda ekonomik \u00e7\u00f6z\u00fcmler sunar.<\/li>\n<\/ol>\n","protected":false},"excerpt":{"rendered":"<p>Plastik Bardak Nedir? Plastik bardaklar, genellikle tek kullan\u0131ml\u0131k olan, hafif ve pratik \u00fcr\u00fcnlerdir. \u015eeffaf plastik malzemeden \u00fcretilen bu bardaklar, ekonomik bir se\u00e7enek sunarak etkinliklerden g\u00fcnl\u00fck kullan\u0131ma kadar geni\u015f bir alanda&hellip;<\/p>\n","protected":false},"featured_media":75503,"comment_status":"open","ping_status":"closed","template":"","meta":[],"product_brand":[],"product_cat":[337],"product_tag":[338,339,340,341],"class_list":{"0":"post-75453","1":"product","2":"type-product","3":"status-publish","4":"has-post-thumbnail","6":"product_cat-plastik-bardak","7":"product_tag-bardak","8":"product_tag-pet","9":"product_tag-pet-bardak","10":"product_tag-plastik-bardak","12":"first","13":"instock","14":"shipping-taxable","15":"product-type-simple"},"_links":{"self":[{"href":"https:\/\/www.polynoch.com\/plastik\/wp-json\/wp\/v2\/product\/75453","targetHints":{"allow":["GET"]}}],"collection":[{"href":"https:\/\/www.polynoch.com\/plastik\/wp-json\/wp\/v2\/product"}],"about":[{"href":"https:\/\/www.polynoch.com\/plastik\/wp-json\/wp\/v2\/types\/product"}],"replies":[{"embeddable":true,"href":"https:\/\/www.polynoch.com\/plastik\/wp-json\/wp\/v2\/comments?post=75453"}],"wp:featuredmedia":[{"embeddable":true,"href":"https:\/\/www.polynoch.com\/plastik\/wp-json\/wp\/v2\/media\/75503"}],"wp:attachment":[{"href":"https:\/\/www.polynoch.com\/plastik\/wp-json\/wp\/v2\/media?parent=75453"}],"wp:term":[{"taxonomy":"product_brand","embeddable":true,"href":"https:\/\/www.polynoch.com\/plastik\/wp-json\/wp\/v2\/product_brand?post=75453"},{"taxonomy":"product_cat","embeddable":true,"href":"https:\/\/www.polynoch.com\/plastik\/wp-json\/wp\/v2\/product_cat?post=75453"},{"taxonomy":"product_tag","embeddable":true,"href":"https:\/\/www.polynoch.com\/plastik\/wp-json\/wp\/v2\/product_tag?post=75453"}],"curies":[{"name":"wp","href":"https:\/\/api.w.org\/{rel}","templated":true}]}}